 divided by 58?
50
Suppose d - 243 + 241 = 0. Suppose -6*t + 66 = 2*s - 2*t, d*s = -t + 78. Calculate the remainder when s is divided by 20.
1
Let u = -3310 + 4868. What is the remainder when u is divided by 21?
4
Let q = 3849 + -3832. What is the remainder when 10810 is divided by q?
15
Let c(r) be the third derivative of -r**5/60 + 25*r**4/24 - 13*r**3 + 19*r**2 + 3. What is the remainder when 373 is divided by c(20)?
21
Let y(w) = 2*w**2 - 43*w - 4*w**2 + 12*w + 63 - 75. Let r be y(-15). Suppose r - 47 = -11*i. What is the remainder when 6 is divided by i?
2
What is the remainder when (-36*(-1)/8)/1*(-410)/(-3) is divided by 50?
15
Let f = -127 + 186. Let l = 166 - 90. Suppose -5*n + l = -4. What is the remainder when f is divided by n?
11
Let v = 568 - 563. Suppose 0 = -v*q + 417 + 108. What is the remainder when q is divided by 24?
9
Let f = 8075 - 7023. What is the remainder when f is divided by 347?
11
Suppose 0 = 3*k - 5*b - 1429, -16*k - 3*b + 1413 = -13*k. What is the remainder when k is divided by 28?
25
Suppose 3*n - 171 = -5*l + 6*n, -3*l - 5*n + 89 = 0. Calculate the remainder when l is divided by 20.
13
Let b be (-11 - -7)*6*2. Let u = b + 53. Suppose -4*x + 75 = -u*l - 0, -l - 39 = -2*x. Calculate the remainder when x is divided by 11.
9
Let m = -54 + 15. Let v = -27 - m. Suppose 3*q - 7073*w + 7078*w - 159 = 0, 0 = -w - 3. What is the remainder when q is divided by v?
10
Let r(s) = -s**3 + 40*s**2 + 35*s + 314. Calculate the remainder when 1145 is divided by r(41).
57
Let d(t) = -4*t + 110. Let g be d(38). Calculate the remainder when 78 is divided by g/(-7) - ((0 - -1) + -16).
15
Suppose 4*q - 8 = 0, -i + 5*i - 228 = 4*q. Suppose 105 = -4*k - i. Let j = k + 57. Calculate the remainder when j is divided by 10.
6
Let b(k) = 5*k - 14. Let p(r) = -9*r + 27. Let o(s) = 11*b(s) + 6*p(s). Suppose -31*a = -263 - 78. Calculate the remainder when o(8) is divided by a.
5
Let c(t) be the third derivative of -t**4/24 + 9*t**3/2 - 4*t**2. Suppose 2*y + 60 = 7*y. Calculate the remainder when 27 is divided by c(y).
12
Let j(a) = 3*a**3 + 172*a**2 + 65*a + 482. What is the remainder when 4986 is divided by j(-57)?
20
Suppose 3*v = z - 52, -10*z + 11*z = v + 48. Calculate the remainder when 55 is divided by (-2)/3*23/(z/(-60)).
15
Let w = -4030 + 4110. Calculate the remainder when 364 is divided by w.
44
Let q = 9231 - 9218. Let z = -78 - -166. What is the remainder when z is divided by q?
10
Suppose -4152 = 21*u - 33*u. Let o = u - 320. Calculate the remainder when 88 is divided by o.
10
Let z(v) = -v**3 - 3*v**2 + 2*v - 4. Let q(k) = 81*k**3 + 18*k**2 - 20*k + 3. Calculate the remainder when q(1) is divided by z(-4).
2
Suppose 14*u - 10*u = 136. Suppose n - u = -8. What is the remainder when 2/(-12) + 926/12 is divided by n?
25
Let s(j) = 10*j + 125. Let u = -541 - -530. What is the remainder when 238 is divided by s(u)?
13
Suppose 0 = 3*h - h + 2, 3*n - 28 = h. Suppose n*t = 12*t - 57. What is the remainder when 264 is divided by t?
17
Let k = -15 + 24. Let d(l) = -l**2 + 10*l - 2. What is the remainder when ((-2496)/(-96))/((-2)/(-3)) is divided by d(k)?
4
Let f(t) = t**3 + 73*t**2 + 141*t + 120. Calculate the remainder when f(-71) is divided by 32.
31
Suppose 5*k = 5*h - 20, 5*k - 1 = -4*h - 12. Suppose 0*b + 66 = 2*b + 5*f, 5*f = -4*b + 112. Calculate the remainder when 32*(4 + k/(-3)) is divided by b.
22
Let b(g) = 3*g**2 + 11*g + 17. Let a be b(-2). Calculate the remainder when 49 is divided by (-6)/((-6)/a) + 1 + 1.
4
Suppose -30274 = -100*r + 426. Calculate the remainder when r is divided by 65.
47
Let g(q) = 25*q - 15. Let n be g(-4). Let c be 5 + n/25 - 26/(-10). Suppose 4*x + 5*l = 271, -4*l + 68 = x - c*l. What is the remainder when x is divided by 9?
6
Let c = 470 + -275. Let z(x) = -x**3 + 19*x**2 + 21*x - 12. Let t be z(20). Suppose -t*d - 84 = -11*d. Calculate the remainder when c is divided by d.
27
What is the remainder when 684/7 - (-6)/21 is divided by (-3)/(-3*(3 + (-196)/66))?
32
Suppose -2*r + 12 - 4 = 0. Suppose 4*o + r*s - 560 = -0*s, 539 = 4*o - 3*s. What is the remainder when o is divided by 23?
22
Let a(d) be the first derivative of -d**4/2 - 2*d**3/3 - 7*d**2/2 - 10*d + 1. Let j = -1026 - -1022. Calculate the remainder when a(j) is divided by 23.
22
Let f(s) = -s**3 - 3*s**2 - 6*s - 1. Suppose 1792 = 688*q - 696*q. Let g = 377 + q. What is the remainder when g is divided by f(-4)?
36
Let r(s) = -122*s - 1312. Calculate the remainder when r(-18) is divided by 226.
206
Let x = -8894 + 9732. Calculate the remainder when x is divided by 30.
28
Let f = 449 + -335. Calculate the remainder when f is divided by 58.
56
Suppose 3*o + 4*l - 388 = -74, -4*o = -4*l - 400. Suppose 4*b + 76 = 2*m, 2*m - 6 - o = -4*b. Let t = 6 + 6. Calculate the remainder when m is divided by t.
10
Suppose 42 = 2*f + i, -2*f + 3*f - 4*i = 12. Let k = 16 + -16. Suppose 114 = 2*q + r, k*q - 60 = -q + r. What is the remainder when q is divided by f?
18
Suppose w + 2*t - 518 = 0, -1759 = -4*w - 4*t + 325. Calculate the remainder when w is divided by 178.
168
Suppose l + 6*l = 476. Suppose -3*a + 4*z + 22 = 8*z, -z - 5 = -a. What is the remainder when l is divided by 1045/57 + (-2)/a?
14
Let t = -618 - -620. What is the remainder when 163 is divided by t?
1
Calculate the remainder when (920990/(-84))/59*-6 is divided by 3.
2
Let o be (-1 - 4) + (10 - 8). Calculate the remainder when 46 is divided by (16 + -1)/(2/2) + o.
10
Let n = -27 - -31. Suppose n*l - 5*i = 101, -3*l + 3*i = -i - 76. Calculate the remainder when 182 is divided by (-138)/l*4*(0 + -2).
44
Let j(x) = x**3 + 2*x**2 + x - 2. Let r(g) = 335*g + 371. What is the remainder when r(-1) is divided by j(2)?
4
Suppose -1688 = -74*w + 1568. Calculate the remainder when 79 is divided by w.
35
Let b(f) be the first derivative of -103*f**2 - 4*f + 200. Calculate the remainder when b(-1) is divided by 59.
25
Suppose -5*n = 965 + 640. Let b = n + 343. Calculate the remainder when 107 is divided by b.
19
Let p(z) = -z**2 + 18*z + 18. Let h be p(18). Suppose 2*r + h = 24. What is the remainder when (-20)/(-6)*6/4 is divided by r?
2
Let x(j) = -j**3 - 9*j**2 - 18*j - 22. What is the remainder when 15 is divided by x(-7)?
3
Let d = 10556 + -8690. Calculate the remainder when d is divided by 52.
46
Suppose -6252*r + 6263*r = 1540. What is the remainder when 2234 is divided by r?
134
Let o be (-16 + (3 - 0))*-1. Suppose o = -m + 56. What is the remainder when 142 is divided by m?
13
Let w(u) = u + 4. Let z be w(-4). Let k = 7794 - 7771. Suppose i = m - i - k, z = -2*m + i + 58. What is the remainder when m is divided by 19?
12
Suppose 3 = -l - m + 9, -5*l = 4*m - 33. Let n = 130 - l. Let v = 127 - n. What is the remainder when 15 is divided by v?
3
Let f = 0 - -2. Suppose -14 = -f*j + 46. Let l(w) = -w**3 + 22*w**2 - 11*w - 125. Calculate the remainder when l(21) is divided by j.
25
Let p(k) = 25*k + 720. Calculate the remainder when 603 is divided by p(-24).
3
Let q be 5/(-6) + (-43186)/(-156). Let b = q + -219. What is the remainder when b is divided by 48?
9
Let t(v) be the third derivative of -v**6/120 - 3*v**5/20 - v**4/24 + 3*v**3/2 - 9*v**2. Let l = 4 - 0. What is the remainder when t(-9) is divided by l?
2
Let o = 80 + -37. Let h = -178 + 180. Suppose h*a - a = 12. Calculate the remainder when o is divided by a.
7
Let o = 67 - -234. Let i = 319 - o. Calculate the remainder when 106 is divided by i.
16
Let v = 6359 - 6344. Let p = -76 - -163. Calculate the remainder when p is divided by v.
12
Let i = 10411 - 10377. Calculate the remainder when 2711 is divided by i.
25
Let n(q) = 1 - 49*q**3 - 55*q**3 - 10*q + 103*q**3 - 4*q**2. What is the remainder when 379 is divided by n(-5)?
75
Let n = -4160 + 4210. Calculate the remainder when 176 is divided by n.
26
Let q = 415 - 412. Suppose 5*f = -0*j + q*j - 3, 4*j - 21 = f. Calculate the remainder when 47 is divided by j.
5
Suppose -2*u - 10 = 0, 2*w + 4*u - 6*u - 22 = 0. Suppose 4*a = n, w = -25*n + 26*n - a. What is the remainder when 13 is divided by n?
5
Let w(x) = 103*x**2 + 300*x - 897. Calculate the remainder when w(3) is divided by 308.
6
Calculate the remainder when 174 is divided by ((-3)/((-27)/33))/(44/132).
9
Let h(s) = -s**3 - 16*s**2